 -61*c + 1. Let f(p) = 45*p - 1. Let a(o) = -4*f(o) - 3*x(o). Suppose r - 1 = -0. Calculate a(r).
4
Let k(h) be the second derivative of -13*h**5/10 - h**4/12 + h**2/2 - 113*h. Suppose -4*r = -r + 12, -5*i + 2*r + 3 = 0. What is k(i)?
26
Suppose -3*i + 2*z + 22 = 0, -3*z - 47 = -5*i - 12. Let w(p) = 0 + 1 - 7*p - 3*p + i*p - p**3 - 8*p**2. What is w(-7)?
-6
Suppose -3*v - 4 = -22. Let p(u) be the first derivative of -u**4/4 + 2*u**3 - u**2 + u + 87. What is p(v)?
-11
Let t(j) = 2*j - 9. Let o(f) = -2*f + 17. Suppose -35 = 3*c - 2. Let h(a) = a - 9. Let z(l) = c*h(l) - 6*o(l). Let w be z(9). What is t(w)?
3
Let v be -5*(-3)/(0 - -3). Let c(i) = 14*i - 11. Let h(s) = 22*s - 17. Let y(j) = -8*c(j) + 5*h(j). Determine y(v).
-7
Let d(l) = 11*l + 460. Let s be d(-42). Let m(v) = -4*v**2 + 3*v + 2. What is m(s)?
-20
Let j(z) = 17 + 2*z - 24*z + 9*z + 14*z. What is j(-9)?
8
Let n(v) = -1 - 4 + 7*v + 10 - v**2. Calculate n(9).
-13
Suppose 188*o - 193*o - 30 = 0. Let p(i) = i**2 + 8*i + 6. Calculate p(o).
-6
Let f(x) be the second derivative of 1/120*x**5 + 6*x + 0 + 1/24*x**4 + 0*x**2 - 1/3*x**3. Let r(a) be the second derivative of f(a). What is r(-4)?
-3
Suppose g - 4 + 32 = 5*o, -2*g - 11 = -o. Let f(w) = -w**2 - 2*w + 23. Let k(v) = v**2 + 3*v - 27. Let n(l) = -7*f(l) - 6*k(l). What is n(o)?
6
Let t(z) = -z**3 + 8*z**2 - 7*z + 5. Let g be 2/((-3)/(-24)*4). Suppose g*x - 12 = 16. Suppose -20 = -4*m, -x*r - 2*m = -3*r - 38. Determine t(r).
5
Let l(f) = -f**2 + 3*f + 5. Let k(h) = h**3 + 2*h**2 + 2*h + 11. Let z(r) = r**2 + r - 1. Let b(j) = k(j) + 3*z(j). Let x be b(-4). Calculate l(x).
1
Let a(i) = -i**2 + 7*i - 9. Suppose 3*k + 3 + 25 = 5*j, -2*j + 3*k = -13. Give a(j).
1
Let m(r) = -2*r**2 - 4 + 3*r**2 + 8 - 2*r - r**2 + r**2. Determine m(-2).
12
Suppose -7*p = -14 - 0. Let j(d) = -2*d - d**3 + 1 + 9 - 8*d**p + 2*d**3. Determine j(8).
-6
Let h(c) = -c**3 - 6*c**2 + c. Let a(y) = -2*y - 11. Let m be a(-6). Suppose -3*w + 3*d + 3 = 0, -3*d = -4*w + m - 2. Let g = w - 2. Determine h(g).
-6
Let j be ((-2)/(-3))/(-2 + (-192)/(-99)). Suppose -y + 96 = 3*y. Let z be (-8)/(-44) + y/j. Let u(g) = -g**3 - 3*g**2 - 2*g. Calculate u(z).
0
Let y(k) be the second derivative of -k**3 + 0 - 10*k - 1/2*k**4 + 1/20*k**5 - 2*k**2. Give y(7).
3
Let z(r) be the third derivative of r**6/120 - 7*r**5/60 + r**4/4 + 7*r**3/6 - 140*r**2. Let i(p) = p - 2. Let y be i(8). Calculate z(y).
7
Let u(o) = 17 - 1 - 2 - 7 - 7*o + 0. Calculate u(-3).
28
Let q(v) = v**3 - 3*v**2 + v. Let d(n) = 3*n + 38. Let y be d(-12). Suppose 0 = -l + y + 1. Calculate q(l).
3
Let n = 190 - 183. Let y(x) = -x**3 + 7*x**2 - x - 1. Determine y(n).
-8
Let l(h) = -34*h - 5. Let s(m) = -91*m - 16. Let g(r) = 8*l(r) - 3*s(r). Determine g(-10).
-2
Let x(n) = n - 1. Let v(d) = 4*d - 6. Let a(l) = v(l) - 8*x(l). Let o = -7 + 7. Suppose -w = -o + 2. Calculate a(w).
10
Let m(t) = -23 - t**2 - t**2 + t**2 - 6*t. Let v(k) = -k**2 - 5*k - 23. Let r(z) = 4*m(z) - 5*v(z). Calculate r(0).
23
Let p(c) = -3*c**3 + 2*c**2 + 3*c - 2. Let j(r) = r**3 - 6*r**2 + 10*r - 1. Let h be j(3). Determine p(h).
-12
Let p(w) = w**2 + 0 - 4 + 4*w - 2*w**2 + 1. Suppose 4*j + 0*c = -2*c + 14, 5*j + 5*c - 20 = 0. Determine p(j).
0
Let v be (-3)/9 + (-62)/(-6). Suppose 3*h = v - 1. Let n(i) = -7 - i**2 + 6*i - 15*i + 11*i + 3 + 1. Calculate n(h).
-6
Let z(p) = p**3 + 10*p**2 + 6*p - 16. Let j be (57 - 7)/5 + -19. What is z(j)?
11
Let v be (10 - 0) + (-6 - -3). Let w(o) be the second derivative of -o**4/12 + 7*o**3/6 + 2*o**2 - 2*o - 1. Give w(v).
4
Let f(q) = 107*q + 2*q**2 + 2 + 105*q - 214*q. Calculate f(1).
2
Let h(g) = 4*g**3 + 2*g**2 - 5*g + 4. Let o be (-3 - 7/(-3))/(20/(-150)). Let s(x) = -3*x**3 - 3*x**2 + 4*x - 4. Let p(d) = o*s(d) + 4*h(d). Give p(7).
-4
Let k(s) = -s**3 + 4*s**2 + 4. Let g(m) = -2*m - 15. Let w be g(-7). Let o be (20/(-15) - w)*-12. Determine k(o).
4
Let h(k) = k - 8. Let m(a) = -a**3 - 5*a**2 + 4*a + 12. Let y be m(-5). Let l(c) = -2*c**2 + c + 1. Let g be l(3). Let w = y - g. Determine h(w).
-2
Let v(s) = s**2 + 13*s + 15. Let c(u) = -u**3 + 10*u**2 + 3*u - 41. Let w be c(10). Determine v(w).
-7
Let x(z) = -z**3 - 3*z**2 + 3*z - 4. Let a be x(-4). Let c be ((-12)/(-36))/((-2)/(-36)). Let m(j) = -j + 8*j**2 + 0 + c - 9*j**2. What is m(a)?
6
Let k = -47 - -49. Let x be k*(-15)/40*8. Let p(l) = -l - 5. What is p(x)?
1
Let p(s) = -s**3 + 2*s**3 + s - 10 + 3*s**2 - 2*s**2. Suppose -3*l - 2*a = 1, 0*l - 27 = -4*l + 3*a. Suppose 6*q - q - 5 = l*b, 3 = -b + 3*q. Calculate p(b).
-10
Suppose -3*w + 15 = 0, z - 3*w + 9 + 4 = 0. Let p be (30/12)/(z/(-4)). Let k(n) be the first derivative of n**4/4 + 5*n**3/3 + n**2/2 + 5*n - 34. Give k(p).
0
Let g(p) = -3*p**2 - 5*p + 12. Let d(u) = -10*u**2 - 14*u + 37. Suppose -3*b + 5*b - 14 = 0. Let q(v) = b*g(v) - 2*d(v). Calculate q(-8).
2
Suppose 6*o - o = 10. Suppose -f - o*f = 0, -4*f - 9 = 3*t. Let r(y) = y**2 + y - 3. What is r(t)?
3
Suppose 6 = 2*h - 10. Let t(p) = -p**2 + 5*p + 14. Calculate t(h).
-10
Let l = -78 - -99. Suppose -f - 4*p - 3 = 0, -4*p + l = 4*f + p. Let g(u) = -u + 18. Determine g(f).
9
Let b(f) = 2*f**2 - 3*f + 0*f - 8*f**2. Suppose 0 = -4*s - 2*v + 116, 3*v + 2*v + 88 = 4*s. Suppose -w - 3*i - 2*i = s, 4*i + 28 = -4*w. Determine b(w).
-18
Let q(z) be the first derivative of 21*z**2/2 - z + 433. What is q(-1)?
-22
Let b(a) = -22*a - 696. Let d be b(-32). Let w(r) = r**2 - 7*r - 5. What is w(d)?
3
Let y(x) be the first derivative of 3*x**2/2 - 15*x + 40. Determine y(10).
15
Let h(l) = -l - 12. Let q be (-10)/(6/(-1) - -7). What is h(q)?
-2
Suppose 15 = 3*t, 0 = c + 2*t + 16 - 138. Let w = 112 - c. Let g(k) = k**3 + k - 10. Determine g(w).
-10
Suppose -52 = -11*x - 2*x. Let z(l) = -l**3 + 4*l**2 + 2*l. Give z(x).
8
Let k = -105 - -107. Let c(b) be the third derivative of 0*b - 2/3*b**3 - b**k + 0 + 1/60*b**5 - 1/8*b**4. What is c(5)?
6
Let u = -24 - -26. Let q(x) = 7*x - u - x**2 + 5 - 3. Calculate q(7).
0
Let g(y) be the second derivative of 0 + y - 1/8*y**4 + 2*y**2 + 1/3*y**3. Let o(h) be the first derivative of g(h). Determine o(3).
-7
Let g(a) = a**3 + 5*a**2 - 6*a + 2. Let s(h) = 3*h - 21. Let x be s(8). Suppose -x*q = -l + 6, -l - 4*l = 3*q + 42. Determine g(l).
2
Let u(x) = x + 1. Let y be u(1). Let l be (-1 - -4) + -9 + y. Let o(w) = w**2 + 4*w + 6. What is o(l)?
6
Let x(c) = 3*c**2 - 5*c + 5. Let u(o) = 14*o**2 - 21*o + 22. Let h(r) = 2*u(r) - 9*x(r). What is h(3)?
17
Let r(v) = 4*v**2 - 1. Let f(x) = x**3 - 2*x**2 + x + 4. Let k be f(3). Let z = -17 + k. Determine r(z).
3
Let q(n) be the third derivative of 0*n + 10*n**2 + 5/6*n**3 + 0 + 1/12*n**4. Give q(-5).
-5
Let a(h) = -h - 9. Let q = -2 - -4. Let w be (3 + -15 + q)*1/2. Give a(w).
-4
Let c(n) = 51*n**2 - 35*n + 115. Let l(s) = -19*s**2 + 11*s - 38. Let h(j) = -3*c(j) - 8*l(j). Give h(14).
1
Let f(w) = -w**3 - 9*w**2 + 8*w + 7. Let g(o) = 15*o + 65. Let k be g(-5). Calculate f(k).
27
Let s(x) = -2*x - 4. Let k be ((-1)/2)/((-116)/(-24) - 5). Suppose 2*f + 15 = k. Determine s(f).
8
Suppose -3*c + 4*l + 1 = 0, 2*l = -c + 5 + 2. Suppose 0 = -7*u + c*u + o + 6, -4 = -u - o. Let y(i) = 7*i. Give y(u).
14
Suppose -38 = 4*o + 146. Let l = 41 + o. Let b(i) = i**3 + 6*i**2 + 7*i - 2. What is b(l)?
-12
Let u be (-1 + 0)*-1 + 1. Let b(l) = 3*l**3 + 6*l**2 - l + 20. Let o(t) = 8*t**3 + 17*t**2 - 3*t + 55. Let m(q) = 11*b(q) - 4*o(q). What is m(u)?
2
Let n(i) = -i**3 - 6*i**2 + 16*i + 4. Suppose 2*w = -4*u - 24, 32*u = 35*u + w + 20. Calculate n(u).
4
Let q(r) = r**2 + 2*r. Let d(a) = 4*a**2 - 5*a + 9. Let n(x) = -d(x) + 3*q(x). Calculate n(9).
9
Let s be (-14)/(-1)*(-114)/(-114). Let b(q) = -q**2 + 16*q - 17. Determine b(s).
11
Let u(b) = 23*b - 79. Let q(l) = -5*l + 16. Let c(h) = -11*q(h) - 2*u(h). Determine c(2).
0
Let k(y) = -y**3 + 0 + 1 - 2*y + y**2 + 0*y**2. Let f(r) = 2*r**3 + 55*r**2 + 30*r + 84. Let m be f(-27). What is k(m)?
-23
Let u be (-8 - -1) + 40/(-7 - -17). Let x(r) = r**2 - 2*r + 3. Calculate x(u).
18
Let x(q) = -q**3 - 12*q**2 - 20*q + 2. Let i be x(-10). Let j(r) = 9*r - 2. Determine j(i).
16
Let u(g) = -7*g - 3*g**2 - 2*g**3 + 7*g**2 + 3 + 3*g. Give u(2).
-5
Let o(a) = -a**3 + 23*a**2 - 3*a + 72. Let r be o(23). Let z(u) = -u**3 + 5*u**2 - 3*u + 2. Calculate z(r).
11
Let l = -